2.
5
Calculate 1 + (-1 - 6 - -4) + -2.
-4
Evaluate ((-7 - 0) + 14 - 13) + 7.
1
Evaluate 6 + -7 + 6 + (-2 - 4).
-1
What is (10 - 11 - 1) + -3?
-5
Calculate 2 - (-7 + (-3 - -7)).
5
(3 - -1) + -6 + 3 + -5
-4
Evaluate 2 + -8 + (2 - -3).
-1
What is 2 + 0 - (-5 - -5)?
2
Calculate 0 - 2 - (1 + (3 - 3)).
-3
What is the value of (-7 - -7 - -9) + -9?
0
What is 3 - (-3 + 1) - (18 + -4)?
-9
Calculate (-3 - (-4 + 1)) + -2 - -1.
-1
Calculate 6 + (-1 - -4 - -1) + -3.
7
Calculate 6 + 6 + -9 - 5 - -5.
3
4 - 6 - (4 + -3 + 2)
-5
Evaluate 1 + -7 - (-12 + 11).
-5
What is 1 - (-7 + 2 - -10)?
-4
What is the value of 1 + (-1 - 4) + -2 + 0?
-6
-5 - (5 + -2 - 3)
-5
-3 - ((0 - -4) + -11)
4
What is the value of -1 - (-11 + (-7 - -16 - 6))?
7
What is the value of 2 + 11 - 4 - 6?
3
Evaluate 12 + 3 + -17 + 7.
5
What is the value of 0 + 4 + -6 - -5 - 0?
3
What is the value of 1 - (-1 + -4) - (10 - 11)?
7
What is -10 - -4 - ((5 - 9) + 6)?
-8
What is the value of 3 + 1 + (-4 - 0)?
0
Evaluate (-6 - -3) + 4 - (-3 - -4).
0
(-7 - -2) + 2 + (-1 - 0)
-4
Evaluate 9 + (8 - 3 - 10).
4
Calculate (-1 - 1) + (94 - 103).
-11
-13 - (-20 + (-2 - -11))
-2
Calculate -16 + 14 + -12 - -10.
-4
Evaluate 3 + -1 - -2 - 7.
-3
What is -10 - (-15 - (-3 + -3))?
-1
6 - 13 - (-8 - (-6 - -5))
0
7 - ((-6 - -8) + 7 - 5)
3
(-2 - -2) + -18 + 15
-3
-3 - (-8 + (1 - -6))
-2
What is the value of (0 - 0) + (-7 - (-8 - -5))?
-4
4 - ((2 - 0) + -9 - -4)
7
1 + 4 - 2 - -2
5
2 + (-3 - -4) + -43 + 46
6
What is 1 + -3 - (7 + -6 + -1)?
-2
(3 - 5) + (8 - 8 - -7)
5
-7 - (-34 - -7 - -7 - -7)
6
-1 + (4 - 1) + -5 + -1
-4
Calculate 6 + -1 + 11 + -23.
-7
What is -8 - (-7 + (9 + -3 - 1))?
-6
(1 - (7 - 6)) + -5
-5
6 + -10 + 3 - (0 + 1)
-2
What is the value of -5 + -1 - (8 + -9)?
-5
Evaluate -6 - (-6 + -2 + 6).
-4
Calculate -2 - -17 - (14 + -3 - 5).
9
What is 12 + 0 + 9 + -25?
-4
What is 0 + (2 - (2 - 6) - 2)?
4
What is the value of (0 - 0) + (-2 - -2) - 2?
-2
Evaluate -1 + -3 - (4 - (1 + 5)).
-2
What is the value of -6 - -3 - (-2 + -7)?
6
What is -9 + (-4 - -9) + 7?
3
(0 - -1) + 4 + 0
5
Evaluate 6 - (1 + -1 + 4).
2
What is (1 + -7 - (3 + -4)) + 6?
1
6 - (17 - (10 - 1))
-2
What is -2 - (-3 + 2) - -4?
3
Calculate (9 - (-1 + -7 - -7)) + -7.
3
Evaluate 0 + (3 - 2) + 0.
1
Calculate (2 - 4) + (0 + 0 - -1).
-1
Evaluate -3 + 5 - (6 - 2).
-2
What is the value of 15 + 0 + -10 + -8?
-3
What is the value of (-3 - -2) + 4 + -2 + -2?
-1
Calculate (5 + -3 - -4) + 4 + -8.
2
Evaluate 1 + (-2 - -1) + (2 - 4).
-2
11 + 0 + 2 + -10
3
Evaluate -7 + 12 - 3 - -1.
3
What is the value of -3 + 3 + 4 + -6 - -2?
0
Evaluate 3 + -25 + 16 + (1 - -1).
-4
Evaluate 3 + (-2 - (-1 - 3 - -1)).
4
Calculate -3 + 0 - -9 - (29 + -25).
2
(0 - -2) + 5 + (-5 - -2)
4
What is the value of 11 + -21 - -8 - (1 + -6)?
3
Evaluate 8 + -5 - (-3 - -1).
5
-2 + 5 + -2 + -3
-2
What is the value of -3 - (5 - (0 + -4 + 2))?
-10
What is the value of 10 - (4 + 4) - -2?
4
What is the value of (-3 - 4) + (11 - 10) - -1?
-5
Evaluate 6 + 7 + -3 + -4.
6
Evaluate (1 - 3 - 3) + (6 - 8).
-7
Calculate -3 - (1 + 3 + (-13 - -5)).
1
Evaluate 7 + -5 + 3 + -3 - 5.
-3
-3 + 1 - (4 + -4)
-2
Evaluate (1 - (-3 + 4)) + (-3 - -5).
2
Evaluate 4 + 0 + (8 - 9) + -3.
0
What is -4 - -7 - (-1 - 1) - 1?
4
-11 - -8 - 3 - -6
0
-64 - -48 - (-7 - 2)
-7
What is the value of -7 - (6 - 7) - -5?
-1
What is (6 - 5) + (1 - 0 - 6)?
-4
Evaluate (-9 - -13) + -2 + (-5 - -3).
0
0 + -4 + 4 + 3 + 0
3
Calculate -9 + -8 + 1 + 6 + 4.
-6
What is the value of -10 + 11 - (1 + -4) - 0?
4
Calculate (10 - (-3 + 13)) + 5.
5
Evaluate (2 - 4 - 2) + (3 - 8).
-9
Calculate -7 - (-14 + (4 - -3)).
0
(-1 - -5) + -2 - (-13 - -10)
5
What is -5 + 3 - (7 + -10 + -7)?
8
What is 2 - (0 - (-2 - (-1 + 1)))?
0
Calculate -10 - (-1 + (1 - 5)).
-5
4 - 11 - 4 - -8
-3
What is the value of -3 + 10 - 9 - -8?
6
Calculate (7 - 5) + -3 - -1.
0
Evaluate -8 + 6 + 3 + (2 - -5).
8
-3 + (9 + 0 - (-15 + 19))
2
Calculate 4 - 3 - (2 - 0).
-1
What is -21 + 21 - (2 + (-9 - -2))?
5
(5 - (-15 - -12)) + -10
-2
Evaluate 0 + 1 + (-34 - -29).
-4
What is the value of (-1 - -2) + (1 - (5 - 0))?
-3
Calculate -5 + 7 + -3 - 0.
-1
Calculate 237 + -243 + (1 - 2 - 1).
-8
Evaluate 8 + (-3 - 8) - (-8 - -1).
4
Evaluate -2 + -8 + (6 - -4).
0
What is (1 - 4) + 2 + -1?
-2
-46 + 39 - (-4 + (1 - -1))
-5
Evaluate -10 + -8 + 10 + 3.
-5
Calculate (1 - (0 + 3) - -6) + -3.
1
Evaluate (55 - 58) + 1 + -1 - -5.
2
-14 + (6 + -9 - -11)
-6
Calculate -9 + (9 - (-2 - -1)).
1
Calculate 10 - -11 - 2 - 12.
7
What is the value of -2 - -15 - (60 + -52)?
5
What is 0 - ((6 - 1) + 0) - -5?
0
What is the value of -3 - 2 - (6 - (2 - -3))?
-6
What is the value of -12 + 9 - (-2 - 5)?
4
What is the value of (-10 - -7 - -2) + 5?
4
What is 5 + -6 - (-4 + (-1 - -6))?
-2
What is (5 - -1 - (0 - -3)) + -2?
1
Evaluate -3 + 1 + (-4 - -1).
-5
Calculate (0 - 5) + 126 + -130.
-9
-4 - -2 - 0 - 5
-7
Evaluate (0 - -1) + 3 + (5 - 7).
2
(8 - 6) + (18 - 16)
4
Evaluate -9 + (4 + 5 - -2 - 5).
-3
What is the value of (8 - 5 - 7) + 0 + -1?
-5
2 + -4 + 1 + -5 + 5
-1
What is the value of 8 + -11 - (-2 - 6)?
5
Calculate 2 - ((-40 - -44) + (2 - 0)).
-4
Evaluate 3 + (-2 - (8 + -1)).
-6
What is 2 + (5 - 8) - (1 - 3)?
1
Calculate (-2 - -1) + (-9 - -6).
-4
Evaluate 3 - (5 - 4 - 3).
5
Calculate 0 + (3 - (-4 - -1)).
6
5 + 0 + -3 + 0 + 3
5
What is the value of 0 + -2 + 1 - (-5 + 7)?
-3
What is the value of -8 - 0 - (8 + -14)?
-2
Evaluate 0 - (6 - 8 - (3 - 2)).
3
What is the value of (1 - -6) + -5 - -5?
7
Evaluate 2 + (-2 - 4) + (2 - 0).
-2
Evaluate 7 - (6 - 2 - 2).
5
What is the value of 4 - (-10 + (1 - -15))?
-2
Evaluate 2 + 14 + -13 + 0.
3
Calculate (5 - 7) + (-1 - (-1 + -3)).
1
What is -4 - -3 - 2 - -6?
3
Evaluate -2 + (10 - 11 - -12).
9
What is (-1 - (2 + (-5 - -1))) + -5?
-4
Calculate (-10 - -5 - -11) + 0.
6
What is the value of (0 - (-4 - -8)) + 0?
-4
What is the value of (0 - 4) + 10 - (11 + -10)?
5
Evaluate -1 + -3 - (-4 - (-1 - 1)).
-2
What is the value of (8 - 3 - 1) + 3 + -2?
5
What is the value of (7 - 7) + -8 - -12?
4
What is 0 - 2 - (-28 - -26)?
0
What is the value of (-1 - -5) + -3 + -9?
-8
What is the value of -1 - 1 - (-5 - -5)?
-2
Calculate -11 - (2 - ((6 - 5) + 5)).
-7
Calculate (-5 - -4 - -4) + (-2 - -3).
4
What is -1 - (-5 - (-13 + 6))?
-3
What is the value of -3 + (3 - (4 + 0)) + 2?
-2
-2 - (4 + -4 + 1)
-3
(68 - 79) + (-1 - -6) - 0
-6
Calculate 0 + 4 + 4 + -2.
6
What is -4 + -2 - -4 - -4?
2
What is the value of -4 + 10 + (8 - 5) + -12?
-3
Calculate -1 - -1 - -6 - (16 - 14).
4
Evaluate -10 + 10 - (5 - 2 - 1).
-2
Calculate 61 + -59 - (-1 - -4).
-1
What is the value of (0 - 3) + (-3 - (1 - 4))?
-3
What is 4 + -4 + 4 + (3 - 4)?
3
0 + 1 + (-6 + 4 - 0)
-1
(9 - 1) + 3 + (-6 - 3)
2
Calculate (4 - 7 - (0 + 0)) + 4.
1
What is the value of 12 - (20 - 4) - -3?
-1
Calculate 1 + (4 - (3 - -3)) + 5.
4
6 - (-8 - -11 - -5 - 0)
-2
Calculate -6 + 8 + (-4 - -1).
-1
What is the value of -2 - -1 - (4 - 4)?
-1
What is the value of -2 + (-1 - (3 + -2 + 0))?
-4
What is 2 + (2 - 3) - 6?
-5
Evaluate 7 - (5 - 0 - (14 - 13)).
3
Evaluate -8 - (-2 + 1 + -2).
-5
What is the value of 3 + -3 + 1 + 0?
1
What is -2 + 3 - 2 - -6?
5
Calculate -7 + 8 + -11 + 18.
8
-11 - (-1 - (5 - 3))
-8
What is -6 + 7 - (3 + -2)?
0
2 - ((0 - -2) + 0) - 1
-1
Calculate -3 + -1 - (1 - 6).
1
What is the value of -4 - ((2 - -4) + -4)?
-6
Calculate -6 - (-10 + (1 - 0)).
3
Evaluate 0 + -6 - (-108 + 105).
-3
Calculate -14 + 4 - -15 - 11.
-6
Evaluate (9 - 5) + (-1 - -4).
7
What is the value of -2 + (5 - -2) + (-9 - -8)?
4
Evaluate 11 - (-1 + 0 - (-7 + 1)).
6
What is 4 + (-1 - 10) + 3?
-4
Calculate (4 - -1) + (-6 - (-1 + -4)).
4
Calculate -7 + (-1 - (-1 - 4)).
-3
What is 1 + 6 + -6 + (-3 - -1)?
-1
(3 + 1 - (2 - 0)) + 1
3
What is the value of -11 + -9 + 5 + 9?
-6
What is -7 + (3 + -1 - -8)?
3
47 + -51 - (-12 - -1)
7
What is 3 + 5 + -7 + 3?
4
What is 3 + (6 - 3) + 0 + -4?
2
Calculate 9 + 2 + -6 + -3.
2
Calculate (3 - 4) + (-2 - -7) + 1.
5
What is -1 + (4 + -1 + -9 - -7)?
0
What is the value of (47 - 36) + -5 + -1?
5
Calculate -7 - ((-5 - -13) + -11).
-4
Evaluate -10 - (6 + -26) - 6.
4
What is (-8 - -1) + (6 - (-1 - -6))?
-6
What is -7 + 10 + (2 - 0)?
5
Calculate (0 + 2 - 4) + (72 - 63).
7
What is the value of 0 + -2 + -5 + 3 + 2?
-2
Calculate 10 - 0 - (38 - 28).
0
What is the value of (15 - 5) + -5 + 